st the prime factors of 86326960.
2, 5, 1079087
List the prime factors of 73898185.
5, 109, 135593
What are the prime factors of 2754731091?
3, 7, 23, 5703377
What are the prime factors of 2972459?
7, 41, 10357
What are the prime factors of 580026959?
41, 14146999
List the prime factors of 1291062369.
3, 19, 211, 107347
What are the prime factors of 340078717?
11, 277, 111611
List the prime factors of 325055592.
2, 3, 67, 7487
What are the prime factors of 139480057?
2579, 54083
What are the prime factors of 1455960780?
2, 3, 5, 8088671
What are the prime factors of 196285208?
2, 7, 1021, 3433
What are the prime factors of 15536147?
11, 17, 251, 331
List the prime factors of 4405747888.
2, 23, 11972141
List the prime factors of 69022917.
3, 7669213
List the prime factors of 592956303.
3, 7561, 26141
What are the prime factors of 1070891435?
5, 31, 2153, 3209
List the prime factors of 1186701133.
17, 69805949
List the prime factors of 10859492.
2, 7, 387839
List the prime factors of 1012195997.
17, 61, 131, 7451
What are the prime factors of 6087929091?
3, 2029309697
List the prime factors of 2315234463.
3, 1451, 531871
What are the prime factors of 129844795?
5, 79, 328721
List the prime factors of 6135889736.
2, 11243, 68219
What are the prime factors of 309503620?
2, 5, 563, 27487
List the prime factors of 516848769.
3, 6380849
List the prime factors of 56794029.
3, 18931343
What are the prime factors of 193432555?
5, 263, 147097
What are the prime factors of 592484127?
3, 3257, 60637
What are the prime factors of 101002026?
2, 3, 97, 173543
List the prime factors of 777517419.
3, 7, 739, 50101
List the prime factors of 2413323940.
2, 5, 120666197
List the prime factors of 3923659972.
2, 2713, 361561
What are the prime factors of 42194812?
2, 11, 958973
What are the prime factors of 40135823?
7, 13, 441053
List the prime factors of 4543621311.
3, 173, 1609, 5441
List the prime factors of 3267391292.
2, 11, 43, 1726951
What are the prime factors of 610322894?
2, 23, 173, 271, 283
List the prime factors of 55387883.
29, 1909927
List the prime factors of 597879984.
2, 3, 13, 958141
What are the prime factors of 2501157352?
2, 263, 1188763
List the prime factors of 5670510135.
3, 5, 149, 2537141
What are the prime factors of 1326722738?
2, 11, 17, 97, 36571
What are the prime factors of 42900788?
2, 7, 59, 25969
List the prime factors of 1050973321.
89, 11808689
What are the prime factors of 88693116?
2, 3, 7391093
List the prime factors of 1551505769.
11, 141045979
What are the prime factors of 505366236?
2, 3, 53, 88289
List the prime factors of 869382670.
2, 5, 13, 83, 197, 409
What are the prime factors of 58336657?
659, 88523
List the prime factors of 41142280.
2, 5, 1028557
List the prime factors of 747776877.
3, 249258959
List the prime factors of 46536260.
2, 5, 2326813
List the prime factors of 9865130.
2, 5, 11, 31, 263
List the prime factors of 1078016857.
79, 13645783
What are the prime factors of 1083607103?
277, 3911939
What are the prime factors of 1772531186?
2, 109, 8130877
List the prime factors of 992390874.
2, 3, 7559, 21881
List the prime factors of 49177221.
3, 16392407
What are the prime factors of 1101235312?
2, 68827207
What are the prime factors of 83133343?
29, 2866667
What are the prime factors of 785092278?
2, 3, 8681, 15073
What are the prime factors of 70717752?
2, 3, 7, 46771
List the prime factors of 227810914.
2, 17, 6700321
What are the prime factors of 384159327?
3, 379, 337871
List the prime factors of 401946274.
2, 149, 353, 3821
What are the prime factors of 166331975?
5, 23, 289273
What are the prime factors of 3133806?
2, 3, 13, 40177
List the prime factors of 65156049.
3, 7, 103, 3347
What are the prime factors of 1629391810?
2, 5, 4591, 35491
List the prime factors of 41989226.
2, 4079, 5147
List the prime factors of 112519843.
19, 5922097
List the prime factors of 195697697.
13, 15053669
List the prime factors of 3936445137.
3, 19, 41, 127, 4421
What are the prime factors of 28283137?
28283137
List the prime factors of 132426262.
2, 66213131
List the prime factors of 51035705.
5, 7, 208309
What are the prime factors of 750170414?
2, 7, 53583601
List the prime factors of 117379037.
29, 1873, 2161
What are the prime factors of 95955897?
3, 31985299
What are the prime factors of 69279794?
2, 17, 43, 47387
What are the prime factors of 28943998?
2, 14471999
List the prime factors of 157002879.
3, 11, 31, 167, 919
List the prime factors of 23466252.
2, 3, 1955521
What are the prime factors of 512764984?
2, 79, 811337
List the prime factors of 28903716.
2, 3, 89209
List the prime factors of 71662817.
4099, 17483
What are the prime factors of 19150551?
3, 7, 17, 17881
What are the prime factors of 480890765?
5, 2767, 34759
List the prime factors of 148465556.
2, 17, 101, 21617
List the prime factors of 3928179915.
3, 5, 11, 2645239
List the prime factors of 2018741035.
5, 101, 3997507
What are the prime factors of 1479739662?
2, 3, 233, 389, 907
List the prime factors of 160245057.
3, 7, 7630717
What are the prime factors of 1922065541?
11, 23, 7597097
What are the prime factors of 60260841?
3, 53, 4679
List the prime factors of 97080544.
2, 11, 193, 1429
What are the prime factors of 2156565843?
3, 83, 151, 6373
What are the prime factors of 50613708?
2, 3, 23, 183383
What are the prime factors of 143751480?
2, 3, 5, 1197929
What are the prime factors of 306277534?
2, 9901, 15467
What are the prime factors of 497872958?
2, 11, 31, 23549
What are the prime factors of 231467797?
11, 59, 32423
What are the prime factors of 358400388?
2, 3, 3919, 7621
What are the prime factors of 1060705706?
2, 7639, 69427
What are the prime factors of 2666118606?
2, 3, 31, 14333971
What are the prime factors of 641354802?
2, 3, 11, 53, 183349
What are the prime factors of 730297314?
2, 3, 29, 1399037
What are the prime factors of 13195163?
13195163
List the prime factors of 4548504547.
17, 1531, 174761
What are the prime factors of 131076330?
2, 3, 5, 7, 11, 179, 317
List the prime factors of 97559098.
2, 7, 13, 73, 1049
What are the prime factors of 14809199?
139, 106541
List the prime factors of 343969211.
17, 31, 73, 8941
List the prime factors of 396565466.
2, 11, 18025703
List the prime factors of 113772432.
2, 3, 17, 67, 2081
List the prime factors of 306417692.
2, 7, 10943489
List the prime factors of 719183896.
2, 19, 67, 70619
What are the prime factors of 527204574?
2, 3, 13, 23, 4259
List the prime factors of 2928792475.
5, 7, 587, 4073
What are the prime factors of 61475803?
23, 367, 7283
What are the prime factors of 3137631331?
13877, 226103
List the prime factors of 113397838.
2, 233, 243343
List the prime factors of 1285802690.
2, 5, 128580269
What are the prime factors of 5575902130?
2, 5, 557590213
What are the prime factors of 1345670694?
2, 3, 74759483
List the prime factors of 28525883.
71, 401773
List the prime factors of 208523012.
2, 311, 167623
List the prime factors of 10810775.
5, 131, 3301
What are the prime factors of 228862958?
2, 114431479
List the prime factors of 840454140.
2, 3, 5, 79, 281, 631
What are the prime factors of 5208220256?
2, 162756883
List the prime factors of 2609956356.
2, 3, 7, 19, 86069
List the prime factors of 3849769247.
11617, 331391
What are the prime factors of 66692654?
2, 7, 73, 65257
List the prime factors of 29154638.
2, 14577319
List the prime factors of 237307909.
89, 2666381
List the prime factors of 212280903.
3, 41, 419, 1373
What are the prime factors of 677433021?
3, 225811007
What are the prime factors of 1008838209?
3, 336279403
List the prime factors of 793786013.
73, 2473, 4397
What are the prime factors of 4607035908?
2, 3, 37, 10376207
List the prime factors of 3072024314.
2, 257, 5976701
What are the prime factors of 1380565595?
5, 97, 2846527
List the prime factors of 580605388.
2, 11, 13195577
What are the prime factors of 111795691?
7, 15970813
What are the prime factors of 44715542?
2, 17, 23, 211, 271
List the prime factors of 28942279.
17, 103, 16529
List the prime factors of 101111292.
2, 3, 2808647
List the prime factors of 38371655.
5, 7, 156619
List the prime factors of 171295775.
5, 7, 233, 4201
List the prime factors of 917014940.
2, 5